)/(-21). Let w = d + -85. Calculate the remainder when 46 is divided by w.
19
Let x(g) = g**3 - 3*g**2 + 2. Let n be x(3). Suppose -n*r + 28 = -18. Let m = -1096 - -1140. What is the remainder when m is divided by r?
21
Let r be 26/10 - (-15)/(-25). Let t be (-4)/r + 3 + 14. Suppose n + 2*n + 2*z - t = 0, 5*z = -n + 5. Calculate the remainder when 7 is divided by n.
2
Let k = 45280 + -45238. Suppose -2*c = -40 - 208. Calculate the remainder when c is divided by k.
40
Suppose 220 + 282 = 18*r + 52. What is the remainder when 2498 is divided by r?
23
Suppose 5*b + h = -916, -24 = 2*b + h + 343. Let r = -164 - b. Calculate the remainder when 55 is divided by r.
17
Let w = -12652 + 12785. Suppose -n + 60 = 4*r, -5*r = n - 5 - 70. Calculate the remainder when w is divided by r.
13
Let z = 10 - -30. Let y be -35*(z/28)/(-1). Let a = 65 - y. What is the remainder when 57 is divided by a?
12
Suppose -304 = -3*o + 2*d - 23, -4*o = -3*d - 374. Calculate the remainder when 210 is divided by o.
20
Suppose 53*i = 19*i + 6*i + 42364. What is the remainder when i is divided by 80?
73
Let d(l) be the third derivative of 17*l**4/24 - 71*l**3/6 - 47*l**2. Calculate the remainder when d(14) is divided by 17.
14
Let u = -7061 + 7063. What is the remainder when (-13 + 1)*(-4)/6 is divided by u?
0
Calculate the remainder when 3546/16 - (4313/(-152) + 28) is divided by 7.
5
What is the remainder when (29/(-174) - 4/(-6))*218 is divided by 91?
18
Let j(f) = -f**2 - f. Let b be j(1). Let s be (-328)/(-18) - b/(-9). Suppose 2*k = 4*r - 22 - 32, -3*r = 3*k - s. What is the remainder when 43 is divided by r?
10
Suppose 6 = d - 3*x, 53*x = -5*d + 56*x + 138. Suppose 12 = 3*g - 15. What is the remainder when d is divided by g?
6
Suppose 5*i = -2*m + 31, 3*i + i = 4*m + 8. Suppose -17 = m*z - 4*z. Calculate the remainder when z is divided by 6.
5
Let u = 625 - 617. Suppose 2*m = -5*p + 152, p + 2*m - 24 = u. Calculate the remainder when 165 is divided by p.
15
Let x be 2/(-8) - (-11 - -7)/16. Suppose x*l = -11*l + 1342. What is the remainder when l is divided by 21?
17
Let r(g) = 275*g. Suppose 4*o - 9*o - 3*d = -17, 4*o - 5*d = -16. What is the remainder when r(o) is divided by 31?
27
Let q(v) = -2*v**3 + v**2 - 9*v + 4. Let j(g) = 4*g**3 + 10*g - 5. Let f(s) = 4*j(s) + 5*q(s). What is the remainder when 23 is divided by f(1)?
5
Suppose 3*w - 182 = -5*t, 3*t = w + 4*w + 116. Suppose -2*m + 3*m - 4 = 0. Calculate the remainder when t is divided by m.
1
Let t(j) = -j**3 + 18*j**2 + 20*j - 2. What is the remainder when (-26145)/(-332) - (-1)/4 is divided by t(19)?
11
Calculate the remainder when (1733/4)/(84/336) is divided by 190.
23
Let g = -3913 - -3929. Let j(r) = -2*r**3 - 4*r**2 + 2*r + 3. Suppose 4*h + 7 + 9 = 0. What is the remainder when j(h) is divided by g?
11
What is the remainder when 1586 is divided by (46/(-2))/(91/(-273))?
68
Let a(w) = 2*w**2 + 39*w - 124. Let c = 286 - 177. What is the remainder when c is divided by a(-23)?
35
Let r = -44 - 3. Let n = 122 + r. Calculate the remainder when n is divided by 13.
10
Suppose 4*c - 44 = 2*c. Let p be (-65)/(-2) - 27/(-54). Let l = p - -9. Calculate the remainder when l is divided by c.
20
Let o = -283 + 285. Suppose m = 2*a - 57, 68 = 3*a - o*m + 4*m. Calculate the remainder when 334 is divided by a.
22
Suppose -38329 = -23*h + 3669. What is the remainder when h is divided by 904?
18
Suppose 0 = -0*g + 5*g - 35. Suppose 30*j = 32*j - 76. Suppose j + 43 = 3*z. What is the remainder when z is divided by g?
6
Suppose 4*n = 2*s + 4170, -3*s - 1908 = -3*n + 1209. Calculate the remainder when n is divided by 233.
114
Let u be 3/1 + 210/(-15). Calculate the remainder when 17 is divided by (-6)/(-4 + 7)*u/2.
6
Let u(f) = 11084*f - 8 - 11083*f + 25. Suppose k - 2 = 8. What is the remainder when 107 is divided by u(k)?
26
Let p be 18/(-4)*(-32)/24. Let g(n) = -n**3 + 6*n**2 - 2*n + 14. Let w be g(p). Suppose 75 = w*f + 17. Calculate the remainder when f is divided by 16.
13
Suppose 8 = 2*f + 2*f. Let u be (-543)/(-6) - ((-15)/(-10))/(-1). Suppose 5*z + f*r = 227, -u - 61 = -3*z + 3*r. What is the remainder when 139 is divided by z?
45
Let z = 16008 - 9914. Calculate the remainder when z is divided by 53.
52
Suppose 4*w - 2*z = 272, -2*w - 5*z + 0*z = -124. Let t be (-756)/(-13) + 1 - (-10)/(-65). Let a = t - 49. Calculate the remainder when w is divided by a.
7
Let c(b) = 20 - 35 - b - b. Let v be c(-9). Suppose -4*p = 2*x - 64, -v*p + 23 = 5*x - 18. Calculate the remainder when p is divided by 5.
2
Let g(b) = -b + 1. Let v(w) = -w**2 + 21*w - 13. Let h(i) = 14*g(i) + 2*v(i). Suppose -47*t + 45*t + 26 = 0. What is the remainder when 52 is divided by h(t)?
10
Let x(q) = -880 + 315 + 3*q + 302 + 308. Calculate the remainder when 161 is divided by x(4).
47
Let j(m) = -10*m + 8*m + 11*m**2 + 25 + m**3 + 16*m. What is the remainder when j(-9) is divided by 16?
13
Let m(j) = 6*j - 45. Let l be m(6). Let r be 6/(-27) - 182/l. Suppose 4*h - r = -s, h + 2 = -3*s - 4. What is the remainder when 87 is divided by h?
3
Suppose 0 = -44*y + 45*y + 4*c - 21, -4*y + 48 = -2*c. Calculate the remainder when 131 is divided by y.
1
Let m(b) = -b**3 - 4*b**2 + 4*b - 4. Let a be m(-5). Let h be (4 - 3)*(a - 108). Let n = -51 - h. What is the remainder when n is divided by 19?
18
Suppose 2*h + 0*h - 1382 = -s, -5*s + 1398 = 2*h. Suppose -6*w + 25*w - 1155 = -16*w. What is the remainder when h is divided by w?
29
Let a = 468 + -466. Suppose -3*f + h = -167, -a*f = 2*f + 4*h - 196. Calculate the remainder when f is divided by 19.
16
Let k = -209 + 229. Let u be (349/3 - 1) + 4/6. Suppose -u - 18 = -2*p. What is the remainder when p is divided by k?
7
Let b = 45 - 41. Suppose -s - 204 = 4*w, 6*s + 204 = -b*w + s. Let t = w + 52. Calculate the remainder when 4 is divided by t.
0
Suppose v + 0*v - 43 = 0. Let c(m) = -m**2 - 3*m + 3. Let r be c(3). What is the remainder when v is divided by ((-34)/6)/(r/45)?
9
Let r = -1755 + 2696. Calculate the remainder when r is divided by 27.
23
Suppose -4*b = -b - 261. Suppose -56*j + 3 = -55*j. Suppose -5*f - 63 = -3*i - 8*f, 4*f = j*i - 42. Calculate the remainder when b is divided by i.
15
Let z = 4676 + -4665. Calculate the remainder when 477 is divided by z.
4
Let u = 46 + -81. Let b be (126/u)/(-6) - (-3)/(-5). Suppose b = -10*j + 6*j - a + 165, a + 81 = 2*j. Calculate the remainder when 162 is divided by j.
39
Suppose -4*h + 64 = 3*i, 2*i - 36 = 17*h - 18*h. Calculate the remainder when 234 is divided by i.
10
Let u(h) = 2*h**2 + 4*h - 28. Let v be u(-5). Let x = -79 - -149. Suppose -9*d + v*d = -x. Calculate the remainder when d is divided by 3.
1
Suppose 124*x = 193*x - 36432. Calculate the remainder when x is divided by 13.
8
Let v(p) = -p**2 + p + 5. Let o(d) = d - 11. Let w be o(17). Suppose 0 = 2*g - 6 + w. Calculate the remainder when 24 is divided by v(g).
4
Let m = -674 + 695. Suppose -3*r + 39 + m = 0. Calculate the remainder when r is divided by 19.
1
Let x(u) = 26*u + 1151. What is the remainder when x(-43) is divided by 28?
5
Let c be 1/3 - (-5)/(-15). Suppose 5*q - 1011 - 64 = c. Calculate the remainder when q is divided by 27.
26
Let a = -13548 - -16651. Calculate the remainder when a is divided by 74.
69
Let d = 214 - 214. What is the remainder when ((-2 - d)/2)/(10/(-1170)) is divided by 12?
9
Suppose -26*k = -16*k - 200. Let n(o) = 44*o**2 + 4*o + 10. What is the remainder when n(-2) is divided by k?
18
Calculate the remainder when (-356)/6*(-2 + (-1)/(-2)) is divided by (-7)/(105/(-1235)) - 5/15.
7
Suppose 17*j + 8501 - 21 = 33*j. Calculate the remainder when j is divided by 19.
17
Suppose -22*j + 4*j = 3*j - 714. Calculate the remainder when 410 is divided by j.
2
Suppose 0 = -6*i + 3*g + 30, 2*g = -2*i + 3*i - 8. Calculate the remainder when 629 is divided by i.
1
Let s = -5058 - -5064. Calculate the remainder when 5704 is divided by s.
4
What is the remainder when 327 is divided by (2 + -3)/(26/(-39))*24?
3
Suppose 606*t - 303*t = 314*t - 1716. Calculate the remainder when 172 is divided by t.
16
Suppose 68 = 5*n + 8. Let t be 308/20 + 4/(-10). Let x = 84 - t. Calculate the remainder when x is divided by n.
9
Calculate the remainder when 89 is divided by (8 - 2) + ((-104)/(-117))/(2